 of 10673 and 7332.
13
Calculate the highest common factor of 28800 and 240480.
1440
What is the greatest common factor of 19762 and 298358?
482
What is the greatest common factor of 60 and 195132?
12
Calculate the greatest common factor of 2488 and 22.
2
Calculate the highest common factor of 7943 and 1352.
169
What is the greatest common divisor of 39758 and 4632?
386
What is the highest common factor of 8330 and 48608?
98
What is the highest common factor of 1534 and 2938?
26
Calculate the greatest common factor of 142884 and 336.
84
What is the highest common factor of 428 and 1177?
107
What is the highest common divisor of 11100 and 1141450?
1850
Calculate the greatest common factor of 162 and 54027.
81
What is the greatest common factor of 9348 and 12540?
228
What is the greatest common divisor of 1176 and 124852?
196
What is the greatest common divisor of 14410 and 18040?
110
Calculate the greatest common factor of 1260 and 9505.
5
What is the highest common factor of 139593 and 316?
79
What is the greatest common divisor of 632844 and 6?
6
Calculate the highest common factor of 1112 and 608.
8
Calculate the highest common factor of 8144 and 80.
16
What is the highest common divisor of 22 and 578050?
22
Calculate the highest common divisor of 838331 and 767.
767
Calculate the greatest common factor of 484 and 352.
44
Calculate the highest common divisor of 39 and 341081.
13
What is the highest common divisor of 20395 and 25?
5
Calculate the highest common divisor of 60 and 1144860.
60
Calculate the highest common divisor of 207525 and 20.
5
What is the highest common divisor of 387228 and 1281?
183
Calculate the highest common divisor of 355758 and 78.
78
Calculate the greatest common divisor of 990 and 319110.
330
What is the highest common factor of 1184 and 1628?
148
What is the highest common divisor of 84 and 32438?
14
Calculate the greatest common factor of 8722 and 28322.
98
What is the greatest common factor of 5670 and 30?
30
Calculate the highest common divisor of 1458 and 43227.
27
What is the greatest common factor of 144 and 528?
48
Calculate the greatest common divisor of 102 and 600.
6
What is the greatest common factor of 8 and 126424?
8
Calculate the highest common factor of 1855 and 455.
35
What is the highest common factor of 22998 and 96?
6
Calculate the highest common divisor of 656 and 92086.
82
What is the highest common factor of 161380 and 80?
20
Calculate the highest common factor of 554781 and 304.
19
Calculate the highest common factor of 89308 and 664.
332
Calculate the greatest common divisor of 1001 and 5434.
143
Calculate the greatest common divisor of 80 and 159760.
80
Calculate the highest common divisor of 243000 and 43500.
1500
What is the greatest common factor of 81796 and 2662?
242
What is the greatest common divisor of 90280 and 232471?
2257
Calculate the greatest common divisor of 149724 and 738.
18
What is the greatest common divisor of 70308 and 315?
63
Calculate the highest common factor of 1155 and 214885.
55
What is the greatest common divisor of 128 and 1320128?
64
Calculate the greatest common divisor of 946 and 13750.
22
Calculate the greatest common factor of 2497 and 29737.
227
What is the highest common factor of 390 and 59982?
78
Calculate the highest common factor of 359418 and 74.
74
What is the highest common divisor of 2464 and 2044?
28
Calculate the greatest common divisor of 5871 and 13287.
309
Calculate the highest common divisor of 106160 and 240.
80
What is the greatest common factor of 26004 and 1023?
33
Calculate the highest common divisor of 152 and 96824.
152
What is the highest common divisor of 529 and 19?
1
What is the greatest common factor of 69762 and 2013?
33
Calculate the greatest common divisor of 4134 and 624.
78
What is the highest common factor of 195 and 181415?
65
Calculate the highest common divisor of 43999 and 46.
23
What is the greatest common divisor of 136914 and 12?
6
Calculate the greatest common factor of 56071 and 423.
47
What is the highest common divisor of 4432 and 7456?
16
What is the greatest common divisor of 16 and 4768?
16
What is the highest common divisor of 276 and 12489?
69
What is the highest common divisor of 122266 and 9266?
226
What is the highest common divisor of 675 and 62910?
135
Calculate the greatest common factor of 22748 and 19364.
188
Calculate the greatest common factor of 3 and 555087.
3
Calculate the highest common divisor of 341316 and 36.
36
Calculate the greatest common factor of 659132 and 19084.
1468
What is the greatest common divisor of 356514 and 6?
6
What is the greatest common factor of 600 and 1416?
24
What is the highest common factor of 24825 and 510?
15
Calculate the highest common factor of 414 and 9036.
18
What is the highest common factor of 170 and 3650?
10
Calculate the highest common factor of 518160 and 6960.
240
What is the highest common factor of 15606 and 243?
27
What is the greatest common divisor of 8970 and 555?
15
Calculate the highest common factor of 76176 and 48.
48
Calculate the greatest common factor of 93 and 315735.
93
What is the greatest common factor of 3674 and 3234?
22
What is the greatest common divisor of 17966 and 130?
26
What is the highest common factor of 503 and 5959544?
503
What is the greatest common factor of 2683758 and 99?
33
Calculate the greatest common factor of 665 and 1855.
35
What is the highest common divisor of 1120 and 104080?
80
What is the highest common divisor of 436 and 288741?
109
What is the highest common factor of 115584 and 3136?
448
What is the highest common divisor of 4118 and 3834?
142
What is the greatest common factor of 60 and 63165?
15
What is the highest common divisor of 7110 and 846?
18
What is the highest common factor of 1240 and 3920?
40
Calculate the highest common divisor of 96570 and 14703.
87
What is the greatest common factor of 66 and 1342748?
22
Calculate the greatest common divisor of 15 and 51525.
15
What is the greatest common factor of 257742 and 946?
86
Calculate the highest common factor of 112441 and 21.
7
What is the greatest common divisor of 4699 and 1998?
37
What is the greatest common factor of 379933 and 289?
17
Calculate the highest common factor of 2072558 and 38.
38
Calculate the greatest common factor of 996 and 168276.
12
Calculate the greatest common factor of 486 and 3701538.
162
What is the greatest common factor of 434 and 7994?
14
What is the greatest common divisor of 8804 and 44872?
284
What is the greatest common divisor of 179 and 1682063?
179
Calculate the greatest common divisor of 398201 and 12976.
811
Calculate the greatest common divisor of 24 and 702920.
8
Calculate the highest common divisor of 18649 and 189781.
1097
What is the greatest common factor of 252 and 200403?
63
What is the greatest common factor of 2286607 and 211?
211
Calculate the highest common factor of 89360 and 88.
8
What is the greatest common divisor of 1729 and 11739?
91
Calculate the greatest common divisor of 1297 and 12823439.
1297
What is the greatest common divisor of 3069 and 2211?
33
What is the highest common divisor of 216 and 1008360?
72
Calculate the highest common factor of 9500 and 684.
76
What is the highest common divisor of 5005 and 8190?
455
What is the greatest common factor of 3948846 and 22?
22
What is the highest common divisor of 4606 and 20678?
98
What is the greatest common divisor of 66652 and 52?
4
Calculate the highest common factor of 6878 and 52852.
362
Calculate the greatest common factor of 188 and 15791.
1
Calculate the highest common factor of 32 and 50880.
32
What is the greatest common divisor of 741319 and 34?
17
Calculate the greatest common factor of 276 and 1268427.
69
What is the highest common factor of 290916 and 36?
36
What is the greatest common divisor of 618156 and 84?
84
Calculate the highest common factor of 27 and 312696.
9
Calculate the highest common factor of 156954 and 808.
202
Calculate the greatest common divisor of 2101 and 2827.
11
Calculate the highest common divisor of 650 and 172848.
26
What is the highest common divisor of 10280 and 4936?
8
What is the greatest common factor of 1121 and 247?
19
Calculate the highest common divisor of 11609 and 76.
19
What is th